*u - 9. What is the remainder when 116 is divided by c(-6)?
38
Let h = 29 - 41. Suppose -5*u + t = 138, 3*t = u + 4*u + 144. Let n = h - u. What is the remainder when 43 is divided by n?
13
Let t(d) = -d**2 + 8*d + 10. Calculate the remainder when (-2)/(-7) - 341/(-7) is divided by t(7).
15
Let v(f) = f**3 + 4*f**2 + 3*f + 31. Calculate the remainder when 68 is divided by v(-4).
11
Suppose -z = l - 12, 3*z - 2*l - 34 = 22. What is the remainder when 29/(-3)*12/(-4) is divided by z?
13
Let k(l) = -l**3. Let c(a) = -a**3 + 5*a**2 + 2*a + 1. Let w be 4/2*2/(-2). Let y(v) = w*k(v) + c(v). What is the remainder when 26 is divided by y(-4)?
8
Suppose 112 = 5*x + u, -3*x - 3*u + 27 = -33. Calculate the remainder when 68 is divided by x.
22
Let j = 17 + -14. Calculate the remainder when 10 is divided by j.
1
Let k = 1 + 3. Suppose t - z - 4 = -k*z, 4*t + z - 27 = 0. Suppose -3*i + w = 1, 0 = 5*i + t*w - 3*w - 21. Calculate the remainder when 2 is divided by i.
0
Let j(o) = -2*o + 3. Calculate the remainder when 53 is divided by j(-4).
9
Suppose 4*v + 0*v = 4*h + 96, 3*h + 15 = 0. Suppose 3*r - 4*s = 57 - v, -s = 2*r - 40. What is the remainder when 70 is divided by r?
16
Suppose 3*u - u = 3*r + 20, 4*u - 24 = 2*r. Let k(g) = g + 8. Let b be k(r). Suppose -b = -d - 0. Calculate the remainder when d is divided by 3.
1
Calculate the remainder when 47 is divided by 45/20*(-48)/(-9).
11
Let f(i) = -2*i**3 - 3*i**2 - 2*i - 3. Let d be ((-6)/8)/((-1)/(-4)). What is the remainder when f(d) is divided by 8?
6
Calculate the remainder when 223 is divided by 230/4 + (-24)/16.
55
Suppose -3*f + 44 = 4*x - 15, 18 = 3*x - 3*f. Calculate the remainder when 29 is divided by x.
7
Let w(b) = -b**3 - 10*b**2 - 10*b - 5. Calculate the remainder when 4 is divided by w(-9).
0
Let i(q) = -2*q - 5. Let j be (-28)/(-2)*(-2)/4. What is the remainder when i(j) is divided by 5?
4
Let z = 36 + -14. Suppose -2*o - 4 = -z. What is the remainder when 25 is divided by o?
7
Let d = -4 + 18. What is the remainder when 38 is divided by d?
10
Suppose 5*z - 169 = i, -4*z + i + 135 = -0*i. Suppose w + 21 = d, -d - 2*w + z = d. What is the remainder when d is divided by 5?
4
Let d = 61 + 5. What is the remainder when d is divided by 23?
20
Let u(f) = f**3 + 11*f**2 - 4*f - 4. Let g be u(-11). Suppose g = 6*w - w. Let a = 7 + -4. What is the remainder when w is divided by a?
2
Let u(f) = 38*f**2 + 1. Suppose -x - 2*b + 2 = 3*b, 5*x = b + 62. What is the remainder when u(1) is divided by -15*1*(-16)/x?
19
Let h = 23 - 16. Suppose 0 = -5*o + h + 8. Calculate the remainder when 7 is divided by (-4)/6 - (-14)/o.
3
Suppose y - 40 = 26. Suppose 2*c + 2*c + y = 2*x, 4 = -4*c. Calculate the remainder when x is divided by 16.
15
Suppose -2*r - 4 = -6*r, -3*c = r - 1. Suppose -m + 12 + 40 = c. Calculate the remainder when m is divided by -24*1/((-4)/3).
16
Suppose -29 - 19 = -6*g. Suppose -5*s - 28 = -183. What is the remainder when s is divided by g?
7
Suppose 5*y - 17*y + 108 = 0. Calculate the remainder when 16 is divided by y.
7
Suppose l - 6*p - 115 = -p, -l + 75 = 3*p. Suppose 25 = -5*s + l. Suppose 2*v + 3*j = 82, 2*j - 28 = -v + 7*j. What is the remainder when v is divided by s?
12
Suppose 5*b + 6 = 2*b. Let m = b + 2. Suppose m = -2*y + 3*y - 1. What is the remainder when 2 is divided by y?
0
Suppose 3*r + t - 48 = 0, -7*t + 3*t = -r + 3. Let s(x) = -4*x**3 + 3*x + 3. What is the remainder when s(-2) is divided by r?
14
Suppose -4*f + 154 = 5*c, 0 = -2*c - f + 3*f + 76. Calculate the remainder when c is divided by 12.
10
Suppose -6*b + 0*b = -258. What is the remainder when b is divided by 15?
13
Suppose l + 30 = 2*p, 4*p + 0*l - 52 = -2*l. Suppose -n - 5*h - 62 = -3*n, h = -3*n + 76. Calculate the remainder when n is divided by p.
12
Let r(g) = -g**2 + 8*g - 3. Let j be r(6). Suppose i - 5*m - j = 0, 4*i + 3*m + 0 = 13. Suppose i*w - 37 = 3*w. Calculate the remainder when w is divided by 13.
11
Let w(g) = g**2 + 6*g + 8. Suppose 19*t - 88 = 17*t. Calculate the remainder when t is divided by w(-7).
14
Suppose 48 = -7*t + 9*t. Calculate the remainder when t is divided by 10.
4
Suppose -22 = 4*g - 82. Let s be (4/3)/(6/18). Suppose 0 = -c, -c = s*l - 2 - 30. What is the remainder when g is divided by l?
7
Let r = 129 - 73. What is the remainder when r is divided by 19?
18
Let v(i) = -2*i**2 + 43*i - 12. Calculate the remainder when 135 is divided by v(20).
39
Let q(p) = p - 6. Let i(f) = 8*f**3 - f. Let o be i(1). Let x be q(o). What is the remainder when 14 is divided by 6/3 + (7 - x)?
6
Suppose -2*z - 5 = -5*x - 0*z, -x + z = 2. Suppose 2*o = x*b + 22, -o - 4*o + 36 = 2*b. Suppose -d + 6 = -17. What is the remainder when d is divided by o?
7
Let k = 1 + -2. Suppose -g = t + 3, -5*t = g + 1 + 6. Calculate the remainder when (-62)/(g/1) - k is divided by 17.
15
Suppose 0 = 2*d + 5*r + 11, -d + 2*r + 3 + 5 = 0. Let h = 9 + d. What is the remainder when h is divided by (1 - -1)/((-1)/(-2))?
3
Suppose 3 - 1 = 2*h. Suppose 4*k = 2*x - 5 - 5, -3*x = -2*k + h. Let q(r) = -r**3 - 3*r**2 - 2*r + 3. Calculate the remainder when 26 is divided by q(x).
8
Let n be (-3)/((-634)/(-320) - 2). Suppose 133 = 3*v - 5*u, 3*v + u + 39 - n = 0. Calculate the remainder when v is divided by 21.
20
Suppose -5*p + 2*p = -63. Calculate the remainder when 39 is divided by p.
18
Let q = -2 - -4. Suppose 0 = q*w + 3*i + 2, -3*w = -8*w + i + 29. Let v = w + 1. Calculate the remainder when v is divided by 4.
2
Let o be -3*1*(-4)/3. Suppose -3*u = 2*r - 6, -4*r + 8*u - 8 = o*u. Suppose 2*l - l - 13 = r. Calculate the remainder when 37 is divided by l.
11
Let d(v) = v**2 - 19*v + 7. What is the remainder when d(19) is divided by 3?
1
Suppose 2*k = -0*k + 90. Let m be (-10)/k - (-112)/18. Let v = -3 + m. Calculate the remainder when 5 is divided by v.
2
Let i(h) = h**2 + 7*h - 1. Let y be i(-6). Let l = y + 22. What is the remainder when l is divided by 8?
7
Let m(y) = y**2 + 7*y - 6. Let d be m(-8). Suppose 5*h + 13 = 2*l, 5*l - d*h - 31 = 33. What is the remainder when l is divided by 8?
6
Let a(x) = 2*x + 1. What is the remainder when a(9) is divided by 9 + 0 + 0 + -2?
5
Let y(c) = 3*c**3 + c - 5. Let g be y(-4). Let w = -108 - g. Suppose 3*i + w = 6*i. What is the remainder when i is divided by 8?
7
Let t = 4 - 13. Let w be (-27)/(-2) + 5/10. Let a = w + t. What is the remainder when a is divided by 3?
2
Let k = -8 + 2. Let m be (-507)/(-5) + k/15. Calculate the remainder when 31 is divided by 6/(-27) + m/9.
9
Let f = 90 - 52. Calculate the remainder when 150 is divided by f.
36
Let y be -2*(-3)/(-12)*-6. Suppose 100 = -y*r + 7*r. Let n = 2 + 11. Calculate the remainder when r is divided by n.
12
Let l(s) = 4*s**2 + 0*s - 2*s - 1 - s**3 + 4. Calculate the remainder when 16 is divided by l(3).
4
Suppose -3 = -2*u + 3. What is the remainder when 13 is divided by u?
1
Let g(r) = r**2 - 6*r - 3. Let j be g(6). Let n(k) be the first derivative of -k**2/2 + 2*k - 2. What is the remainder when 14 is divided by n(j)?
4
Suppose -3*n = -2*s - 12, -18 = -3*n + 2*s + 2*s. Suppose n*g + v - 35 + 13 = 0, -4*v - 11 = -g. What is the remainder when 42 is divided by g?
9
Suppose 0 = -5*n - 25, -4*s + 2*n = -197 + 63. What is the remainder when s is divided by 8?
7
Let v(z) = 16*z**2 - z. Let g(o) be the first derivative of o**4/4 + 6*o - 4. What is the remainder when v(-1) is divided by g(0)?
5
Let y(u) = -5*u**2 - u. Let i be y(1). Let l = 12 + i. Calculate the remainder when 11/2*(4 - 2) is divided by l.
5
Let w(j) be the second derivative of -j**4/12 - 5*j**3/2 - 11*j**2/2 + 3*j. Calculate the remainder when w(-9) is divided by 15.
13
Let c(i) = -15*i - 1. Let q = 25 + -17. What is the remainder when c(-1) is divided by q?
6
Suppose -2*m = -5*s + 182, 0 = -m - 1. Calculate the remainder when (62/(-6))/((-6)/s) is divided by 21.
20
Suppose -7 - 6 = -m. Suppose 2*o = -2*g + 32, 2*o - 3*g - 9 = m. What is the remainder when 27 is divided by o?
13
Let t = 34 - 22. Calculate the remainder when ((-39)/12)/((-1)/t) is divided by 14.
11
Suppose 4*a = a + 432. Suppose 3*c = b - 26, b + a = 5*b - 4*c. Let p(r) = 54*r + 230. What is the remainder when b is divided by p(-4)?
13
What is the remainder when 37 is divided by -10*2*(-4)/8?
7
Suppose 